-3))?
3
Let k(o) be the second derivative of -3*o**5/4 - o**4/12 + o**3/6 + o**2/2 - o. Let j(i) = -i**2 + 2*i - 1. Let q be j(2). What is the tens digit of k(q)?
1
Let h(s) = 13*s**2 + 1. Let j be 2/(-3) - 88/12. Let y = j + 9. What is the tens digit of h(y)?
1
What is the units digit of (6 + -22)/(2/(-4))?
2
Let u = 3 + -6. What is the units digit of 13*((u - -3) + 1)?
3
What is the units digit of (-28)/(-84) - 416/(-3)?
9
Let f = 4 - 4. Suppose -2*d + 7*d - 75 = f. What is the tens digit of d?
1
Suppose 0 = -5*j + 2*q - 8, 3*j - q + 4 = -2*j. Suppose j = a + 3*a - 52. What is the tens digit of a?
1
Let c(f) = f**2 + 5*f + 6. Let a be c(-4). Let n(t) = -4 + t**2 + 8*t**2 - 2*t - 5*t - t**3 + a. What is the units digit of n(8)?
6
Let b(o) = o**3 + 2*o**2 + 2. Let n be b(-2). Suppose -u - 6 = -2*k, -2*u - n*k - 2*k + 28 = 0. What is the units digit of u?
4
Let z = 18 - 20. What is the tens digit of (-22)/(6/z - -2)?
2
Let y(b) = 7*b - 2. What is the units digit of y(1)?
5
Let y = -12 - -15. Let j = y + 1. What is the units digit of j?
4
Suppose -5*l = -223 + 28. Let c = l + -27. What is the units digit of c?
2
Suppose -3*z = -4*z + 117. What is the tens digit of z?
1
What is the units digit of (3 + -4)/((-1)/7)?
7
Suppose 0 = 2*p + p - 6. Suppose 0 = p*i - 7*i - 5. What is the units digit of 2/4*(i - -9)?
4
Let w(j) = j + 13. Let u be 0 + (0 - -1) + -12. Let k be w(u). Suppose -r = -3*r + h + 3, 2*h - k = 2*r. What is the units digit of r?
4
Let v(p) = p**3 + 13*p**2 - 9*p - 19. What is the units digit of v(-13)?
8
Let w = -3 - 0. Let l = 6 - w. Suppose -26 = -2*q + 4*n, q - 4*n = l + 2. What is the tens digit of q?
1
Let i(v) = v**3 - 6*v**2 - 4*v. Let z be 66/12 - (-6)/4. What is the units digit of i(z)?
1
Let m = -5 - -9. Suppose -5*n + 4 = m*y - 1, -y = -5*n + 5. What is the units digit of -2 - (-3 + -2)*n?
3
Suppose -3*v + 18 = -4*i + i, -4*v + i + 15 = 0. Suppose -12 = -3*x + v*p, 0 = 2*p - 0*p + 2. Suppose x = 2*f - f. What is the units digit of f?
3
Suppose -h = -2*d - 4*h + 43, -5*h = -2*d + 67. What is the tens digit of d?
2
Suppose a + 4*f - 12 = 0, 0 = -4*a + f - 5*f. Let w be 12/8 + 6/a. Suppose -2*y + 12 + 20 = w. What is the units digit of y?
6
Suppose 5 = z + 5*h, 6*h - h = 3*z - 15. Let r be (z - 5)/(-2 - 0). What is the tens digit of -1 - (-13 + r/(-3))?
1
Suppose 0 = m + 4*v + 21, -m + 19 = 4*v - 8*v. Let t be (5/(-10))/(m/4). Suppose f = -t*f + 2*o + 26, 3*f = -2*o + 34. What is the units digit of f?
0
Let b(j) = -j**3 - 4*j**2 - 2*j - 6. Let n be b(-4). Let f(d) = -1. Let m(s) = -9*s - 1. Let i(l) = n*f(l) - m(l). What is the units digit of i(1)?
8
Let z = 16 + -13. Let t = z + 6. What is the units digit of t?
9
Suppose -3*t = -h - 25, -t + 2*h + 9 = h. Let x(y) = y**3 - 9*y**2 + 8*y + 5. What is the units digit of x(t)?
5
Let u(g) = -g**2 + 10*g - 1. What is the tens digit of u(8)?
1
Suppose 0 = 3*x + 15 - 39. What is the units digit of 1*x - (1 + 1)?
6
Let t = -165 + 313. Suppose 0 = -3*o - o + t. What is the tens digit of o?
3
What is the units digit of 1*27 - (-16 - -17)?
6
Let r be 1/(2/(-28)*-2). Suppose r*i - 5*i - 6 = 0. What is the units digit of i?
3
Let k(w) be the second derivative of w**5/20 - 7*w**4/12 + 4*w**3/3 + 5*w**2/2 - 6*w. What is the tens digit of k(6)?
1
Let m = -113 - -71. What is the units digit of m/(-2) + (-2 - -1)?
0
Let k(y) = -y**3 - 2*y**2 + 5*y + 4. Let x be k(-3). Let s = -14 - -23. Let c = s + x. What is the units digit of c?
7
Let q be (6/(-5))/(18/(-120)). Let w = q + -4. Suppose -t = t - w*y - 14, 5*t + 2*y = 59. What is the units digit of t?
1
Suppose 42 = 5*r + 12. What is the units digit of 148/12 - 2/r?
2
Suppose -n - 3*r + 6*r + 29 = 0, -3*n + 54 = 2*r. What is the units digit of n?
0
Suppose -2*b + 2*g = -6*b - 8, -4*b + 2 = -3*g. Let u(i) = 11*i**2 + 1. What is the tens digit of u(b)?
1
Let x(j) = j**3 + 7*j**2 + 3*j - 8. Let g be x(-6). Suppose -3*w = -8*w + g. Suppose f + 4*f = 2*n, w*f = -5*n + 29. What is the units digit of n?
5
Suppose 3*i + 6 = -0*i. What is the tens digit of (20 - -2)/(i - -4)?
1
Suppose -11*w + 6*w + 20 = 0. What is the units digit of w?
4
Suppose -2*s = 3*k - 5 - 36, 15 = 5*k. What is the tens digit of s?
1
Suppose 17*b - 120 = 14*b. What is the units digit of b?
0
Suppose -2*g + 5*b = -367, 0*g - 5*b - 171 = -g. Suppose -2*o + w + 4*w = -67, 3*w = 5*o - g. What is the tens digit of o?
4
What is the units digit of ((-2)/(-6) - 0) + (-226)/(-6)?
8
Let m(i) = -12*i**2 - 3*i - 3. Let d = 23 + -15. Let f(q) = 8*q**2 + 2*q + 2. Let p(w) = d*f(w) + 5*m(w). What is the units digit of p(-1)?
4
Let x = -50 - -176. What is the units digit of x?
6
Let n(g) be the second derivative of g**3 - 3*g**2/2 - g. Let b be n(-3). What is the tens digit of -2 - (-2 - -2) - b?
1
Let l be 1*9/1*-1. Let m = l - -12. What is the units digit of m?
3
Let s be 47/7 - 10/(-35). Let v = s + -4. What is the units digit of v?
3
What is the units digit of (-75)/(-20)*10 + (-1)/(-2)?
8
Suppose -2*o - 23 = -119. Let m = o + -9. What is the units digit of m?
9
Let k(j) = 5*j**3 - 3*j**2 - j + 2. What is the tens digit of k(2)?
2
Let d(t) = t**3 - 19*t**2 - 17*t - 17. What is the tens digit of d(20)?
4
Let m = -3 - -11. Suppose d + d = m. Suppose 2*n = d*s + n - 4, 5*s - 5*n = -10. What is the units digit of s?
2
Let s be (-4 + 5)*(3 + 0). What is the tens digit of 1/(s/39*1)?
1
Let i(u) = u - 5. Let m be i(6). Let c = -1 + m. Suppose -8 = -c*v - 2*v. What is the units digit of v?
4
Let s(v) = v**2 + 11*v - 12. Let y be s(-11). Let k = -6 - y. What is the units digit of k?
6
Let n(g) = -g - 8. Let a be n(0). What is the tens digit of (61 + -1)*a/(-12)?
4
Let r(t) be the second derivative of t**5/20 + t**4/3 - 2*t**3/3 + 3*t**2/2 + 3*t. What is the tens digit of r(-4)?
1
Let n(h) be the second derivative of h**4/12 - 7*h**3/6 + 7*h**2/2 - 3*h. What is the units digit of n(7)?
7
Let i = 12 + -8. Suppose -i*o - 1 = -5*o. What is the units digit of o?
1
Let v(u) = -6*u - 10. Let b = 14 + -21. What is the tens digit of v(b)?
3
Suppose 0 = 5*u - 2*x - 9, 2*u - x - 3 = -0*u. Suppose -3*k - 41 = k - 5*f, 3*k + u*f + 51 = 0. Let s = k + 29. What is the units digit of s?
5
Let g(m) = m**3 - 2*m**2 - 2*m. Let c be -3*2*(-2)/4. Let x be g(c). Suppose 0 = 4*w - 3*j - 56, -18 = 5*w - x*j - 85. What is the tens digit of w?
1
Let r(n) be the second derivative of -n**5/20 + n**4/3 - n**3/6 + 7*n**2/2 + 4*n. Let g be r(7). What is the units digit of g/(-14) + (-1)/2?
0
Let n be (4/2)/((-3)/15). Let i = 2 + 22. Let d = i + n. What is the tens digit of d?
1
Suppose -2*w + 7*w - 6 = -2*g, -5*g = -2*w - 15. Suppose z + 0 - 4 = w. Let s = z - -4. What is the units digit of s?
8
Let z be 8*((-1)/(-2) - 0). Suppose -s - 2 = -z. Suppose s*x + x - 6 = 0. What is the units digit of x?
2
Suppose 29 = -5*n + 139. What is the tens digit of n?
2
Let g(h) = -2*h + 4. Let b be g(3). What is the units digit of b - (4 + -39 - 0)?
3
Suppose 0*i = 3*i - 201. What is the tens digit of i?
6
Let w be 0 - (45/(-1) - -2). Suppose v = -2*h + w, -4*h = -v - 0*v + 19. Suppose -7*a + v = -2*a. What is the units digit of a?
7
Suppose t = 14 + 21. What is the units digit of t?
5
Suppose q + 10 = 50. Suppose -2*y = 3*y - q. What is the units digit of y?
8
Let u be 1/(-2)*(5 - 17). Suppose u*w = 2*w + 76. What is the units digit of w?
9
Let p = 79 + -67. What is the units digit of p?
2
Let a(l) = -l**3 + 6*l**2 + l - 7. Let k be a(6). Let h = k - -7. Let z = -2 + h. What is the units digit of z?
4
Suppose -2*t = 4*o - 14, -1 = 2*o - 3*o. Suppose -x = t*a - 225, 4*a + 2*x = 3*x + 171. What is the tens digit of a?
4
Suppose l + 4*l - 17 = -4*b, -5*l = 3*b - 14. Suppose 4*z + b = -a - 0, -2*a = 5*z + 3. What is the units digit of a?
1
Let y(z) = 6*z - 3 - z**2 + 4*z**2 - 4*z**2. What is the units digit of y(2)?
5
Let v(m) = -m**3 + 10*m**2 + 2*m - 13. What is the units digit of v(10)?
7
Suppose -3*y + 5*t - 72 = 15, -2*t = 0. Let q = -14 - y. What is the tens digit of q?
1
What is the hundreds digit of (-3)/(-2)*((1 - -135) + 2)?
2
Suppose -q - 3 = -v - 14, 2*q - 10 = -2*v. Suppose -q + 0 = -a. What is the units digit of a?
8
Let l(s) = -2*s**2 - 9*s + 2. Let v be l(-6). What is the units digit of 333/12 + (-4)/v?
8
Suppose 2*t - 3*v = t 